 in base 4?
-3322023
What is -4da07 (base 14) in base 10?
-191303
1a5c8 (base 16) to base 3
12111010010
What is -41310022 (base 7) in base 14?
-6628b9
What is 493942 (base 11) in base 5?
144443401
-7542534 (base 8) to base 12
-813024
2000112001220 (base 3) to base 6
35000123
Convert 2282568 (base 10) to base 2.
1000101101010001001000
What is -1454211 (base 7) in base 9?
-332080
What is -779c7 (base 13) in base 3?
-102000122200
Convert -3adc (base 14) to base 6.
-120030
1f3510 (base 16) to base 13
567ba1
-20405065 (base 7) to base 14
-32956c
What is -30022201 (base 5) in base 7?
-2001555
Convert 110000100000101111110101 (base 2) to base 6.
1132323113
Convert -1620235 (base 7) to base 4.
-312202321
What is -4300615 (base 7) in base 3?
-222111010021
Convert 2704298 (base 10) to base 13.
738b9c
Convert 302222444 (base 5) to base 6.
41542251
What is 100637 (base 12) in base 6?
5204111
Convert -a868c (base 13) to base 14.
-7cc8c
815977 (base 12) to base 5
1004141134
-20431402 (base 5) to base 4
-221231210
What is -295530 (base 11) in base 14?
-c00c4
What is -28d50 (base 14) in base 15?
-200a2
Convert 275388 (base 9) to base 8.
510071
159ab02 (base 13) to base 16
6a43ba
-148675 (base 9) to base 16
-1661f
Convert -14334433 (base 5) to base 6.
-3133553
3cffac (base 16) to base 15
53e727
What is -2303311231 (base 4) in base 16?
-b3d6d
Convert -1134235 (base 7) to base 12.
-6aa17
-851289 (base 10) to base 4
-3033311121
Convert 30122203312 (base 4) to base 7.
36443251
101000110100100 (base 2) to base 10
20900
What is -3727f (base 16) in base 13?
-7baa5
What is 164ce3 (base 16) in base 3?
2202020202201
Convert 205523 (base 8) to base 15.
15425
What is 221211121201111 (base 3) in base 9?
27747644
-2003493 (base 10) to base 3
-10202210021110
29b6375 (base 13) to base 16
cb4bcb
-78778 (base 10) to base 12
-3970a
3070204 (base 10) to base 15
409a54
Convert 222304153 (base 7) to base 15.
12ae461
-3434995 (base 11) to base 10
-6009327
-2075766 (base 8) to base 3
-1001020201102
What is -311275 (base 10) in base 7?
-2434336
15a2717 (base 11) to base 7
32114501
Convert -1254493 (base 12) to base 7.
-42361560
Convert 770710 (base 16) to base 15.
a41447
-10110100000100100011 (base 2) to base 16
-b4123
1110000011001111011000 (base 2) to base 7
43210310
Convert -103157553 (base 8) to base 11.
-9a45889
What is 3807338 (base 9) in base 4?
13321320200
-41502660 (base 7) to base 11
-1a79290
Convert -10202424 (base 5) to base 13.
-2c755
Convert 46133302 (base 7) to base 5.
2012302004
-530044 (base 6) to base 16
-a72c
-a8a2a8 (base 13) to base 4
-33013233120
Convert -112bab4 (base 13) to base 14.
-9b6908
-51343142 (base 6) to base 12
-5b1ab2
What is 13002241342 (base 5) in base 15?
1596832
What is 1311024323 (base 5) in base 11?
18aa748
1450a0 (base 12) to base 16
53238
Convert 111011000101110010 (base 2) to base 4.
323011302
6e11b (base 15) to base 8
1256023
1282b0 (base 15) to base 4
3120312300
Convert -1631097 (base 10) to base 13.
-451560
110100110000011000011 (base 2) to base 6
101015135
-b005b2 (base 13) to base 2
-1111100101010111011101
What is 2a3925 (base 16) in base 10?
2767141
What is 543542 (base 10) in base 12?
222672
-217845 (base 10) to base 8
-651365
-11001101010000101 (base 2) to base 7
-615252
What is 13767a (base 11) in base 8?
644100
-119a93 (base 12) to base 7
-2302530
Convert 1104303411 (base 5) to base 2.
1001001101110111101010
What is -5577827 (base 11) in base 10?
-9775861
What is -65445d (base 16) in base 5?
-3144333022
-21021000102 (base 3) to base 5
-14033040
11021210122001 (base 3) to base 13
61a60b
What is -33136003 (base 7) in base 16?
-2b7b6f
Convert 12001010001 (base 3) to base 15.
1e601
What is -1aa58 (base 15) in base 8?
-251264
Convert -5ff88 (base 16) to base 2.
-1011111111110001000
Convert -6520164 (base 8) to base 13.
-491369
What is -405754 (base 9) in base 7?
-2021020
-210121231331 (base 4) to base 8
-44315575
What is -160975 (base 11) in base 14?
-671c0
-141315502 (base 6) to base 12
-b65b92
-20120110 (base 5) to base 9
-264335
Convert -4122792 (base 10) to base 12.
-1469a60
What is 4560b (base 15) in base 13?
79619
20110222310 (base 4) to base 14
40b19a
What is -19a359a (base 11) in base 14?
-63acad
Convert -11646021 (base 7) to base 14.
-1d6011
Convert -19b172 (base 13) to base 11.
-406489
Convert -5421b8 (base 13) to base 15.
-29049d
10402355 (base 6) to base 16
4c13f
Convert 14211322 (base 5) to base 4.
210010000
Convert 209699 (base 10) to base 12.
a142b
What is 4133255 (base 6) in base 7?
1456205
What is 156467 (base 10) in base 4?
212030303
Convert -10111110111010000110 (base 2) to base 9.
-1421572
Convert -311212200 (base 4) to base 3.
-102011011120
What is -6737306 (base 9) in base 2?
-1101110101100000010000
-374473 (base 10) to base 12
-160861
What is 11101011011111000000 (base 2) in base 15?
140bce
Convert -1100100101101110111 (base 2) to base 15.
-82375
Convert 343132331 (base 5) to base 13.
41a534
What is -37070660 (base 8) in base 16?
-7c71b0
11200001021 (base 3) to base 6
1545224
Convert 111123212222 (base 4) to base 12.
1a6b262
What is -213251 (base 15) in base 13?
-434236
10010201022110 (base 3) to base 13
464c76
10110010110000010000 (base 2) to base 7
6136424
What is -43a29 (base 12) in base 13?
-31a25
What is 13ccf8 (base 16) in base 10?
1297656
Convert -23400303 (base 5) to base 3.
-101221220000
What is -453103 (base 6) in base 7?
-216402
Convert -3136262 (base 7) to base 15.
-77522
What is 36aaaa (base 11) in base 14?
1135d5
610010 (base 7) to base 4
121031102
What is -311234411 (base 6) in base 5?
-2334322040
Convert 15779 (base 10) to base 6.
201015
101001010001011101 (base 2) to base 9
276806
Convert 7a73 (base 15) to base 7.
135516
1174061 (base 8) to base 16
4f831
Convert 1002224121 (base 5) to base 16.
1e66db
What is 2525012 (base 10) in base 9?
4667588
Convert 114014423 (base 6) to base 4.
20030202033
Convert 198907 (base 15) to base 4.
10233232000
What is -39cc4d (base 14) in base 6?
-110430033
Convert 213136 (base 8) to base 9.
117670
-28257 (base 10) to base 14
-a425
What is -134d53 (base 16) in base 8?
-4646523
Convert 14256f (base 16) to base 14.
265235
What is 668600 (base 9) in base 11?
253567
-200103100 (base 5) to base 10
-784775
Convert 99766 (base 10) to base 15.
1e861
-28684 (base 14) to base 8
-303354
-3355310 (base 8) to base 7
-10501106
347158 (base 9) to base 14
56060
b12644 (base 14) to base 16
5af5f4
861b3 (base 13) to base 15
4ba75
What is 110879 (base 12) in base 15?
55393
Convert -275341 (base 13) to base 5.
-221012213
Convert 688a5 (base 16) to base 5.
102200242
What is b9c67 (base 15) in base 6?
20351411
Convert -1110100011110000110 (base 2) to base 11.
-2a6473
What is -415163 (base 7) in base 11?
-49744
Convert -859750 (base 11) to base 14.
-27aca2
Convert 1242401434 (base 5) to base 16.
2f29b5
What is 1111000100101100010 (base 2) in base 7?
4125002
-21021110010110 (base 3) to base 10
-3866709
56c21d (base 16) to base 12
1aa2479
What is -7162 (base 15) in base 16?
-5d86
-35aa60 (base 13) to base 10
-1280422
What is -116465 (base 12) in base 11?
-1818a1
What is -10010010111100000101 (base 2) in base 16?
-92f05
What is -23222143 (base 5) in base 11?
-134519
-882401 (base 13) to base 2
-1100001110001100111111
-2031013440 (base 5) to base 8
-17667672
What is 24701623 (base 8) in base 16?
538393
Convert -10222440111 (base 5) to base 7.
-160240243
-15302312 (base 6) to base 10
-537092
Convert -43440034 (base 5) to base 4.
-1123121322
What is 2167371 (base 8) in base 2?
10001110111011111001
-aa541 (base 13) to base 3
-120200011010
2040aa7 (base 13) to base 9
20340440
What is -36551 (base 12) in base 5?
-4321412
1280800 (base 15) to base 13
29b30c2
-22c9c3 (base 16) to base 14
-434c03
Convert 2384525 (base 12) to base 3.
110222011001202
-8436824 (base 9) to base 13
-c1cbb8
-11000110101100101010 (base 2) to base 10
-813866
What is -122210211222 (base 3) in base 11?
-21a403
-233032332 (base 4) to base 6
-4051410
Convert -248fcd (base 16) to base 13.
-65b821
Convert -66240 (base 11) to base 13.
-34999
What is 382508 (base 9) in base 6?
4543442
1320213312 (base 4) to base 11
308225
What is 10010110000011101100110 (base 2) in base 8?
22603546
What is -210061 (base 8) in base 14?
-1b573
What